{"id":99,"date":"2017-05-31T09:05:48","date_gmt":"2017-05-31T09:05:48","guid":{"rendered":"https:\/\/ufh.nu\/?page_id=99"},"modified":"2024-03-08T02:00:14","modified_gmt":"2024-03-08T02:00:14","slug":"valkommen-till-upplands-fagelhobby","status":"publish","type":"page","link":"https:\/\/ufh.nu\/","title":{"rendered":"V\u00e4lkommen till Upplands f\u00e5gelhobby!"},"content":{"rendered":"<p>&nbsp;<\/p>\n<p><strong>Upplands F\u00e5gelhobby <\/strong>\u00e4r en ideell f\u00f6rening, och vi\u00a0arbetar f\u00f6r:<\/p>\n<ul>\n<li>att stimulera intresset f\u00f6r att h\u00e5lla och f\u00f6da upp s\u00e4llskaps- och hobbyf\u00e5glar<\/li>\n<li>att verka f\u00f6r en sund f\u00e5gelh\u00e5llning<\/li>\n<li>att sprida kunskap om s\u00e4llskaps- och hobbyf\u00e5glar (avikulturen)<\/li>\n<\/ul>\n<p>P\u00e5 f\u00f6reningens medlemstr\u00e4ffar har vi olika informativa program ex. f\u00f6redrag, filmer, diskussioner, rapporter och liknande.<\/p>\n<p><strong>Upplands F\u00e5gelhobby \u00e4r ansluten till riksf\u00f6rbundet Svensk F\u00e5gelhobby <\/strong><\/p>\n<ul>\n<li>Riksf\u00f6rbundet ger ut tidskriften F\u00e5gelhobby (6 nr\/\u00e5r).<\/li>\n<li>Tidskriften F\u00e5gelhobby ing\u00e5r i UFH-medlemskapet.<\/li>\n<\/ul>\n<h3><strong>F\u00f6r mer information om riksf\u00f6rbundet: <\/strong><a href=\"http:\/\/www.fagelhobby.nu\/\"><strong>www.fagelhobby.nu<\/strong><\/a><\/h3>\n<p style=\"text-align: center;\">\n","protected":false},"excerpt":{"rendered":"<p>&nbsp; Upplands F\u00e5gelhobby \u00e4r en ideell f\u00f6rening, och vi\u00a0arbetar f\u00f6r: att stimulera intresset f\u00f6r att h\u00e5lla och f\u00f6da upp s\u00e4llskaps- och hobbyf\u00e5glar att verka f\u00f6r en sund f\u00e5gelh\u00e5llning att sprida kunskap om s\u00e4llskaps- och hobbyf\u00e5glar (avikulturen) P\u00e5 f\u00f6reningens medlemstr\u00e4ffar har &hellip; <a href=\"https:\/\/ufh.nu\/\">Forts\u00e4tt l\u00e4sa <span class=\"meta-nav\">&rarr;<\/span><\/a><\/p>\n","protected":false},"author":2,"featured_media":0,"parent":0,"menu_order":0,"comment_status":"closed","ping_status":"closed","template":"","meta":{"footnotes":""},"class_list":["post-99","page","type-page","status-publish","hentry"],"_links":{"self":[{"href":"https:\/\/ufh.nu\/index.php?rest_route=\/wp\/v2\/pages\/99","targetHints":{"allow":["GET"]}}],"collection":[{"href":"https:\/\/ufh.nu\/index.php?rest_route=\/wp\/v2\/pages"}],"about":[{"href":"https:\/\/ufh.nu\/index.php?rest_route=\/wp\/v2\/types\/page"}],"author":[{"embeddable":true,"href":"https:\/\/ufh.nu\/index.php?rest_route=\/wp\/v2\/users\/2"}],"replies":[{"embeddable":true,"href":"https:\/\/ufh.nu\/index.php?rest_route=%2Fwp%2Fv2%2Fcomments&post=99"}],"version-history":[{"count":1,"href":"https:\/\/ufh.nu\/index.php?rest_route=\/wp\/v2\/pages\/99\/revisions"}],"predecessor-version":[{"id":194,"href":"https:\/\/ufh.nu\/index.php?rest_route=\/wp\/v2\/pages\/99\/revisions\/194"}],"wp:attachment":[{"href":"https:\/\/ufh.nu\/index.php?rest_route=%2Fwp%2Fv2%2Fmedia&parent=99"}],"curies":[{"name":"wp","href":"https:\/\/api.w.org\/{rel}","templated":true}]}}